Let h(t) = -t**2 - 29*t + 22. Let u(x) = 3*x**2 + 106*x - 86. Let b(i) = 11*h(i) + 3*u(i). Determine b(0).
-16
Let b = -9132 + 9127. Let v(u) = -u - 24. Calculate v(b).
-19
Let f(k) be the third derivative of -k**4/8 + 4*k**3/3 - 192*k**2 - 5*k - 2. Calculate f(2).
2
Let m(s) be the second derivative of -s**4/12 + 3*s**3/2 + 2*s + 41. Let z(v) = -v**3 + 17*v**2 - 39*v - 32. Let g be z(14). Give m(g).
-10
Suppose -2*p = -5*n + 26, 5*n = -10*p + 9*p + 32. Let x(k) = -18639 + n*k - 9*k**2 - k + 2*k + 18640 + k**3. Calculate x(8).
-7
Suppose 0*h = 5*h - 25. Let y(x) = 4*x**2. Let m be y(h). Let c(v) = 3*v - m + 103 - v. Give c(-3).
-3
Let o(f) be the third derivative of -f**6/60 - f**3/6 - 5*f**2. Suppose -3*q + 3*j = -45, q - 2*q + 5*j + 27 = 0. Suppose 3*m = -q + 15. Give o(m).
-3
Let i be ((-98)/12 - -8) + 349/6. Let z = i + -61. Let d(f) = 3*f**2 + f - 4. What is d(z)?
20
Suppose -7*n + 2*n = 0, 2*i = 3*n. Let o(a) = -3*a - 18 + a**3 + 9469*a**2 + 4*a - 9470*a**2. What is o(i)?
-18
Let g(v) be the second derivative of v**4/12 - 3*v**3/2 + 3*v**2/2 + 297379*v. Let n = 1 - 1. Suppose n = 3*j - 0*j - 27. What is g(j)?
3
Let o(f) be the second derivative of -f**3/6 + 3*f**2/2 + 10*f. Suppose -4*q = -3*a + 296, 0*q + 2*q = -3*a - 148. Let m = q + 68. Give o(m).
9
Let a(b) = 5*b - 21. Suppose -4*o = -43*y + 46*y - 15, -2*o - 42 = -4*y. Give a(y).
24
Let w(y) be the second derivative of y**6/360 - y**5/30 - y**4/4 + 3*y**3 - 3*y**2/2 + 6*y + 4. Let k(b) be the second derivative of w(b). Give k(5).
-1
Let q(c) be the third derivative of c**4/4 + 3*c**3/2 + 1953*c**2. Determine q(1).
15
Let t(p) = 3 + 0*p + 0*p + 5*p**2 + 2*p + p**3. Suppose 3*k = -2*s - 4, -3*s - 5*k = -2*k. Suppose -6 = s*w + 14. Give t(w).
-7
Let i(j) = -9*j + 9. Let r(t) = -8*t + 13. Let b(u) = -2*u + 3. Let l(c) = -9*b(c) + 2*r(c). Let q(m) = i(m) + 6*l(m). Determine q(3).
12
Suppose 2*v + 2*s + 8 = 0, -3*s - 11 = 2*v - 1. Let k(r) be the third derivative of 2*r**2 + 1/6*r**3 + 0*r + 0*r**4 - 1/60*r**5 + 3. What is k(v)?
-3
Let d(x) = -x**3 + 3*x**2 - 2*x + 1. Let g be (-100)/(-4)*(-4)/(-10). Let t(c) = -c**3 + 13*c**2 - 23*c + 7. Let m be t(g). Let w = -75 + m. What is d(w)?
1
Let v(h) = 15*h + 53. Let u(x) = -15*x - 60. Let j(g) = -4*u(g) - 5*v(g). Give j(-2).
5
Let z(i) = 6*i + 2*i + 7 - 4*i + i - i**2. Let o = 178 - 121. Let t = 63 - o. Calculate z(t).
1
Let m(i) = -i - 1. Let p be (3 - (-14)/(-4))/((-3)/12). Suppose 13*y = 11*y + p. Let o(h) = h**2 - 2*h - 1. Let q be o(y). Give m(q).
1
Suppose 5 + 5 = 5*y. Let p(v) = 5*v**3 + 36*v**2 + 13*v + 48. Let u be p(-7). Let g(l) = -9 + l**3 + 9 - 7*l**y - u. What is g(7)?
-6
Suppose -35*d = -33*d + 104. Let k = d + 54. Suppose 0 = -2*r + 6*u - 3*u, k*u - 32 = -4*r. Let q(x) = x**2 - 6*x + 8. Calculate q(r).
8
Let c(x) = -2*x**3 - 2*x + 2*x**2 - 5088 - 13*x - 4*x**3 + 5101. What is c(1)?
-6
Let n(i) = 92 + i - 193 + 99 - 2*i. Suppose -2*o = -4, -4*x = -9*x + 2*o - 34. Let r = x + 3. What is n(r)?
1
Suppose 5*w - 185 = 65. Let t = w - 48. Let b(q) = 98*q - 99*q + t + q**3 - 1 - 5*q**2. Calculate b(5).
-4
Let j(d) be the third derivative of d**6/40 - d**3/3 - 5*d**2 + 81*d. Determine j(3).
79
Let k(r) = 29*r + 1. Let o(i) = 78*i - 74. Let q(p) = 2*k(p) - o(p). What is q(5)?
-24
Let s(z) = 56*z + 167*z - 224*z + 26 + z**3. Let o(d) = -d**3 + 5*d**2 + 1. Let f be o(5). Let j be 1/f*-1*0. Calculate s(j).
26
Let o(r) be the second derivative of -r**5/20 - 5*r**4/12 + 19*r**3/6 + 5*r**2 - 5*r + 1492. Give o(-8).
50
Let r(z) = -z**3 + 8*z**2 - 7*z + 7. Suppose 5*f - 185 = 10*f. Let q = f - -42. Suppose q*l - 23 = -y - 6, y = l + 5. What is r(y)?
7
Let r be ((-15)/3 - -1)*-1. Suppose r*d - 2 = -2*n, -9*d + 4*d = -3*n + 36. Let z(a) = -3*a - 10. Give z(n).
-31
Let s be (4/2 + 50)*(-396)/(-144). Let d(c) = -s - 114 + 3*c + 252. Determine d(5).
10
Suppose 0 = 4*a - 11*z + 9*z - 90, -45 = -a + 5*z. Let c(g) = a*g**2 - 13408*g + 13408*g. What is c(1)?
20
Let c = 135 - 126. Let r(j) = -12*j + 3*j**2 - 70136*j**3 + 7*j**2 + 70135*j**3 + 4. Give r(c).
-23
Let a(x) = x**2 - 3*x + 5. Let r = 461 - 456. Suppose 0 = 3*v + r*i - 1, -4*v + 2*i = 7 - 17. Give a(v).
3
Let g = -122 - -126. Let t = -14 + g. Let m(v) = v**2 + 11*v - 10. Determine m(t).
-20
Let f = -3131 - -3134. Let j(n) be the second derivative of 1/6*n**f - 1/20*n**5 + 14*n + 1/2*n**4 - 7/2*n**2 + 0. Give j(6).
-1
Let w(p) = 53*p**3 - 796*p**2 + 16*p + 1. Let z be w(15). Let o(t) be the second derivative of t**4/12 - 5*t**3/2 - 15*t**2/2 - 4*t. Calculate o(z).
1
Let y(o) = -14 - 1518*o + 34 + 762*o + 758*o - 7. Calculate y(-5).
3
Let a = 128 - 125. Let m be ((-76)/12 - -3)*a/2. Let y(x) = x + x**2 + 4*x**2 + 0*x**3 - 3 + x**3. Determine y(m).
-8
Suppose -6*f + 8*f = 154. Let c(d) = -3*d - 147 + f + 77 - d. Determine c(8).
-25
Let j(a) = 4*a. Let y be (10/(-30))/((-2)/12). Let g(o) = y - 5*o + 6*o - 1. Let m(r) = -5*g(r) + j(r). Determine m(4).
-9
Let z be 9*1*28*(-22)/(-924). Let h(r) = -13*r**2 + 78*r - 5. Give h(z).
-5
Let f(u) be the third derivative of -u**5/60 + u**4/8 + 35*u**3/2 - 9*u**2 - 10. Let j(i) be the first derivative of f(i). What is j(-2)?
7
Let p = 893 - 885. Let w = 5 + 4. Suppose -p = u - w. Let s(y) = 6*y - 1. What is s(u)?
5
Let x be 3 + -1 + 4/2. Suppose -16 + 8 = -4*c. Let f(o) = 3 - 3*o + 9 - 3 - o**c + 8 - 15. Give f(x).
-26
Let j = -2723 + 2705. Let v(q) = -q**3 - 17*q**2 + 17*q - 19. Calculate v(j).
-1
Let t(y) = y**3 + 9*y**2 + 8. Let c = -391 - -549. Let u = c + -103. Let x = u + -64. Give t(x).
8
Let h be -2*15*6/36 + 5. Let x(c) = c**2 - 10 - 3*c + h*c + c + 7*c. Calculate x(-6).
-4
Let p(l) = -l**3 + l**2 - 2*l. Let w be 8 + (0/(-5) - 5). Suppose -w*m + 18 = 3*k, 0 = -m - 4*k + 5*k - 2. What is p(m)?
-8
Let x(f) = 35*f + 42*f + 42*f + 49*f - 159*f + 21. Determine x(-3).
-6
Let k(x) = x**3 - 5*x**2 - x + 4. Let p be k(5). Let t(z) = 15 + 18 + 12 - 20 + 13 + 4*z - 36. Give t(p).
-2
Let b(d) = -2*d + 6. Let j be b(0). Let h(c) = 6*c - 6*c**2 - j*c + 4 - c**2 + c**3. What is h(7)?
4
Let a = -12519 + 12522. Let z(x) = 57*x - 164. Give z(a).
7
Let b = 134 + -143. Let q(u) = 3*u**3 + 8*u**2 - 13*u - 6. Let r(g) = g**3 + 1. Let t(z) = -q(z) + 2*r(z). What is t(b)?
-28
Let q(x) = 5*x**2 + 7*x + 6. Let p be q(-1). Suppose a + 124 = -p*t, -5 = a - 1. Let s = -27 - t. Let h(g) = g**3 - g**2 - 4*g - 1. What is h(s)?
5
Suppose -2*v = 4*h - 20, -2*v - 5*h + 23 = -0*v. Let g(z) be the first derivative of -5/2*z**2 + z + 1/3*z**3 - 17. Determine g(v).
-3
Let s(h) = -h**2 - 2*h + 2. Let g(k) = 30*k + 212. Let y be g(-7). Let c(a) = -a**3 - a - 1. Let b be c(-1). Let i be (y - (-3)/(-3))*(-3)/b. Determine s(i).
-1
Let g(k) = k**3 - 2*k**2 - 2*k. Let f(q) = -473*q - 8991. Let x be f(-19). What is g(x)?
-88
Let o(a) = -a - 1. Let i(u) = 10*u + 9. Let s(z) = -3*i(z) - 21*o(z). Give s(-1).
3
Let f = -45 + 29. Let z(j) be the first derivative of j**2/2 + 23*j + 2346. Calculate z(f).
7
Let b(g) = 2*g**2 + 1 - 292*g + 415*g - 122*g. Give b(-2).
7
Suppose 0 = 278*s - 269*s - 108. Let t(r) = -r**3 + 10*r**2 + 25*r - 13. What is t(s)?
-1
Let a(u) be the second derivative of -7*u**2 + 5*u - 1/6*u**3 + 0. Let z be a(-9). Let j(p) = -4*p - 1. Give j(z).
19
Let j(y) = 16*y**3 + 3*y**2 - y. Let q be j(2). Let z(s) = 281*s - q*s + s**2 - 143*s. Give z(1).
1
Let f(i) be the third derivative of i**7/840 + i**6/360 - i**5/40 + i**4/24 - 59*i**3/6 + 3*i**2 - i. Let y(j) be the first derivative of f(j). What is y(-3)?
-8
Let a(c) = c**2 + 12*c - 13. Let d be a(1). Let j(o) = -3*o + 35. Give j(d).
35
Suppose 0 = w + 5*d - 4 - 8, 5*w = -2*d + 60. Let t(i) = -12 + 14*i**2 + 5 + 15*i - i**3 + w. What is t(15)?
5
Let r(h) be the second derivative of 0 + 13/6*h**3 + 3*h**2 + 1/4*h**4 - 26*h. Determine r(-4).
2
Suppose -324*x - 1378 - 6074 = 0. Let n(y) = -7*y - 155. Give n(x).
6
Let c(y) = 34*y**2 + 86*y - 29*y + 6 + 7*y + y**3 - 1 + 3. Give c(-32).
8
Let c be 493/145 - 4/10. Let r(j) = 8*j - j**c - 10 + 3*j - 6*j**2 - j**2 + 10*j**2 - j**2. Calculate r(4).
2
Let h = 57 - 37. Suppose -10 - h = -10*v. Let m(y) = 3*y**2 + 2 + 6*y**v - 5*y**3 + 4*y + 0. Determine m(-2).
-2
Let p(q) be the third derivative of -q**6/120 - 7*q**5/60 - 7*q**4/24 - 2*q**3/3 - q**2 + 7*q. Suppose -v - 2*v - 2*i = 28, 4*i - 10